.
0
-1 - (9 - (-3 + 5) - 5)
-3
Evaluate 11 - 9 - (-1 + 3 - -2).
-2
-19 - -24 - (7 + -2) - 1
-1
Evaluate 6 + 8 + -6 - (-4 - -7).
5
Calculate 8 + -14 - (-3 - 4).
1
What is the value of (-4 - 2) + (-3 - -5)?
-4
Calculate 0 + (0 - 4) + (-6 - -7).
-3
10 + -4 + 3 + -2
7
What is the value of 2 + 0 + (1 - -1) + 0?
4
Evaluate 2 + 4 + (-3 - -2) + 3.
8
Calculate 1 + (-5 - (-1 - -2)).
-5
Calculate (0 - -1) + (-5 - -5) - 3.
-2
Evaluate 0 + (-6 - (4 + -5)).
-5
Evaluate (40 - 43) + -8 + 1.
-10
What is (-2 - (-1 + -2)) + (9 - 14)?
-4
Evaluate 0 + 9 + (-7 - -4).
6
What is 0 + 2 + 0 + -5 + 11?
8
Calculate (-42 - -43) + -4 + (-1 - -2).
-2
What is 6 + 0 + -16 + 4?
-6
What is the value of -27 + 33 + (2 - 4)?
4
Evaluate -2 + (-4 + -6 - -5) + 2.
-5
Evaluate 5 + 2 + 0 + -2.
5
Calculate -4 + (-5 - -6) + 1 - 5.
-7
What is the value of 4 + (2 - 3) + -8 + 1?
-4
What is 6 - (18 - 4 - 3)?
-5
Evaluate 2 + 3 + -5 - (1 + 1).
-2
Calculate (2 + 6 - 16) + 12.
4
What is -9 + 10 + -6 + 0?
-5
-2 - -9 - (-12 + 17 + 8)
-6
Evaluate (0 - (3 - -2)) + (34 - 35).
-6
Evaluate 5 + (-12 + 13 - 12).
-6
Evaluate 108 + -111 - (-1 - -1).
-3
Evaluate -3 + (-5 - (-4 - 0)).
-4
Calculate 3 - (4 - (0 + 3)).
2
What is (3 - 2) + 3 + -4?
0
Evaluate -5 + (9 - 5 - 3 - -9).
5
What is the value of -8 + 13 - (0 - -8)?
-3
What is the value of (4 - 3 - 2) + -2?
-3
What is -3 + (3 + -4 - (-2 - 1))?
-1
What is the value of 19 - 20 - (1 - 1)?
-1
What is the value of -5 + (-2 - -8 - -2)?
3
Calculate 4 + 9 + -5 - 14.
-6
7 - (-3 + (3 - -5))
2
Calculate 2 + 0 + 2 - -3.
7
Calculate 3 - (0 - (1 - 2)).
2
1 - 3 - (-3 - 7)
8
What is the value of -14 - (-10 - (-2 + -5))?
-11
6 + (4 - -8 - 19)
-1
Calculate 2 - (-6 - (1 + -7 - -1)).
3
-4 - (0 + 1) - -7
2
What is -7 + (-5 - (8 + -13))?
-7
(-1 - -5) + (1 - -2) + -2
5
Evaluate 17 + (-20 - -15) - (9 - 1).
4
What is the value of 3 - -2 - (5 + 0 + 4)?
-4
-11 - (9 - 12 - 5)
-3
What is -41 + 33 + (5 - 0)?
-3
What is the value of 3 + -8 - (-2 - 1 - 0)?
-2
What is 3 + (-5 - 2 - 0)?
-4
-17 + (23 - 12) + 3 + 0
-3
Evaluate (6 - 12 - -4 - 3) + 5.
0
Evaluate -1 - -1 - (3 + 3 + -3).
-3
Calculate -3 + (6 - 6 - 2).
-5
What is the value of 3 - (-5 + (4 - 2)) - 3?
3
(23 - 18) + 0 + -1
4
Evaluate 10 + 2 + -4 + -10.
-2
-15 - -12 - (-1 - (-2 + 1))
-3
Evaluate 2 + 7 + (22 - 32).
-1
What is the value of 3 - (-1 + (4 - 2))?
2
What is (-2 + -1 - -2) + -8 + 4?
-5
What is the value of -16 + (-7 - -12) - (-6 - 0)?
-5
What is the value of (2 - (1 + 5)) + 0 + 10?
6
What is 5 + -3 + -1 + (3 - 2)?
2
Calculate (7 - (2 + 4)) + 1.
2
What is the value of 1 - (-7 + 4 - -4)?
0
What is -2 + (-4 - -11) + -4?
1
What is 13 - (-6 + 15) - (6 - 1)?
-1
-4 + 0 + 11 + -4
3
-4 - -7 - (-2 + -3 - 2)
10
Evaluate (-7 - ((-7 - 4) + -1)) + -2.
3
Calculate (69 - 68) + (0 - 2) + -6.
-7
What is the value of -1 - (0 - -2) - (9 - 14)?
2
Evaluate -3 + 8 + 0 + -8.
-3
What is the value of 6 + (4 - -2 - 17)?
-5
8 - 4 - (6 - 9)
7
-8 + -5 + (-3 - -13)
-3
-3 + (1 - (0 + 1))
-3
What is (-6 - -4) + -55 + 48?
-9
Calculate -4 + (-2 - (1 - 2)).
-5
-7 + 9 - (8 - 1)
-5
Calculate (16 - (-6 + 8)) + -12.
2
What is the value of (-1 - -7 - (-4 + 3)) + -3?
4
Evaluate 0 - 4 - (-13 - -3) - -3.
9
What is 3 - 4 - (-3 + 2) - 4?
-4
Evaluate (5 - 8) + (7 - 1).
3
0 + -6 + (5 - 1)
-2
What is the value of -2 + (1 - 6) + (-4 - -7)?
-4
Evaluate (2 + 5 - (-6 + 7)) + -2.
4
Evaluate -11 - (-5 + 9 + -16 + 6).
-5
What is 6 - 4 - (3 - 1 - 3)?
3
What is the value of 15 - 19 - (0 - 3)?
-1
Calculate -1 + (-9 - -23) - 14.
-1
Evaluate 5 + -7 - (-8 - 1).
7
Evaluate -5 + 5 + (5 - 13).
-8
Calculate 4 + -7 + 2 + 0.
-1
What is -38 + 50 - (2 + 21)?
-11
Calculate 5 + 9 + -7 + -8 + 0.
-1
Evaluate 7 + (1 - 3) + 0.
5
What is 7 + 6 + (-2 - 18) + 4?
-3
What is 1 + -3 + (-1 - (-4 + 3))?
-2
What is the value of 25 - 35 - (2 + -9)?
-3
What is the value of 2 - (-1 - (1 - 1)) - 4?
-1
(-26 - -12 - -5) + 1 + 1
-7
Calculate -9 - (7 + -8 + 3 + -7).
-4
Evaluate (-7 - -7 - -7) + -10.
-3
What is the value of 3 + 0 - (6 + (6 - 4))?
-5
Evaluate 21 + -9 + -1 + -7.
4
Calculate 11 + (-4 + 13 - 14).
6
Calculate 0 + 4 + 34 + -37.
1
20 + (6 - (28 + -9))
7
Evaluate (3 - -2) + (2 - 11) - 1.
-5
-9 + 4 + -2 - (31 - 47)
9
Evaluate 1 + 3 - (0 + -1 + 8).
-3
-2 + -2 + -18 + 17
-5
What is -2 - -9 - (-23 + 29)?
1
Calculate -1 - 19 - (-23 + 10).
-7
Evaluate -41 - -39 - (4 - 1).
-5
What is 2 - (-3 + (-1 - -2))?
4
Calculate -1 + 6 + -6 + 3.
2
What is the value of (41 - 42) + 1 + 2 + 1?
3
Evaluate -12 - (-7 + -2 + 5).
-8
Calculate (14 - 6) + -8 + (-1 - -3).
2
What is -6 + (9 + -2 - 5)?
-4
Calculate 0 - 1 - 3 - -13.
9
What is 8 + -1 + (0 - 2)?
5
Evaluate (3 - 10) + 0 + (-8 - -12).
-3
3 - ((-1 - 1) + 5)
0
Evaluate 11 - 8 - (1 + -2 + 9).
-5
Calculate -1 + -5 + 2 + 25 + -25.
-4
What is 1 - -3 - (-13 + (5 - -7))?
5
What is 0 + -5 + -3 + 12?
4
What is 13 - (14 - (20 + -11))?
8
Calculate -6 - ((12 - 8) + -13).
3
(3 - 7) + -1 + 2 + -1
-4
What is 1 - 14 - (-13 - (-3 - 4))?
-7
What is the value of -2 + (9 - ((-8 - -13) + -1))?
3
Evaluate -7 + (6 - (5 + -3)).
-3
Calculate 8 + -13 + 7 + 0.
2
What is 3 - (4 + 0 + -6 - 3)?
8
What is 4 - (3 + (1 - -3) + -5)?
2
What is the value of -13 + 0 + 8 - (1 + -1)?
-5
-1 + -11 - (4 - 6)
-10
What is (0 - -1) + -3 - -4?
2
What is -3 - (-7 + (-5 - -10))?
-1
Calculate -3 + -1 + (-6 - -11).
1
Evaluate (-2 - -7 - (0 + 4)) + 0.
1
1 + (-2 - (3 + -7 + 3))
0
What is the value of (-4 - -1) + (3 + 1 - 2)?
-1
2 - (6 - (3 - 0))
-1
What is the value of 9 + -3 + 7 + -14?
-1
Calculate 6 - (7 + (-5 - (-4 + 4))).
4
Evaluate (9 - 15) + (1 - 0).
-5
4 - (-14 - -5 - -10)
3
Calculate 0 + 5 + (-8 - -7) - 11.
-7
Calculate (-6 - -10) + -7 - -11.
8
What is 6 + -7 + -2 + 6 - 5?
-2
What is -3 - 0 - (-10 - (-2 + -4))?
1
6 - (-1 - (-8 + 4) - 2)
5
What is the value of -9 + 23 + -6 - 1?
7
Evaluate 0 + 6 + -2 - (2 - 0).
2
What is the value of -9 + 18 - 19 - (-3 + -3)?
-4
-2 + 8 + 7 + -8
5
2 + -6 + 8 + 2
6
What is the value of -1 + 4 + 2 + -3?
2
46 + -45 - (2 - -1)
-2
Evaluate -16 + (24 - 13) + 15.
10
Calculate -8 + 1 - (-5 + 8 + -6).
-4
Calculate -9 - (3 - 3) - -3.
-6
Evaluate (-13 - -2) + 10 + 8.
7
4 + -5 + (3 - (-4 - -4))
2
0 + -1 - (-5 + 9 + -2)
-3
-3 + (-8 + (1 - -5) - -3)
-2
What is (-46 - -38) + -2 + 4?
-6
Calculate 11 - (5 - (-7 + (10 - 5))).
4
What is the value of 2 + 1 - (-18 - -26)?
-5
What is (4 - 1 - 0) + 0?
3
What is the value of (5 - 2) + 7 + -6 + 2?
6
Evaluate -2 - -2 - (-5 + -3 - -4).
4
Calculate (-2 - 0) + (8 - (2 + -1)).
5
Evaluate 0 + -3 - (49 + -62).
10
Evaluate 7 - (15 + (-8 - (2 - 3))).
-1
Calculate 1 + (0 - (3 - (0 + -2))).
-4
What is the value of 8 - (-3 - -7 - 2) - -1?
7
What is the value of (0 - -1) + (1 - -8 - 15)?
-5
Calculate -2 - (-6 + 10 - 6).
0
31 + -24 + (0 + -3 - 0)
4
Calculate 8 + (10 - 8 - 5).
5
What is 1 + -5 + 7 - (5 - 2)?
0
Calculate -6 + (-2 - (4 - 2) - -5).
-5
What is the value of -3 - (2 - 6 - (-9 + 4))?
-4
What is the value of 3 - ((-3 - -1) + 3 - -2)?
0
-1 - (-3 - 0) - (-1 - -5)
-2
Calculate -11 + 12 + (-2 - 2 - 4).
-7
Calculate -4 + 7 + 1 + -4 + 3.
3
Evaluate 4 + -6 + 4 + -1.
1
Calculate -14 + 24 + (-7 - 0).
3
What is the value of 14 + -2 - (60 - 52)?
4
What is -7 - (-10 - -5 - -5) - -11?
4
What is 17 + -9 + 5 + -17?
-4
What is 4 - (7 - (-1 - 5))?
-9
Evaluate 5 - ((5 - (2 + 1)) + 1).
2
What is the value of (-3 - -5 - 4) + (-4 - -1)?
-5
Calculate (0 - 9) + 8 + 6.
5
Evaluate (-3 - 0 - -12) + -4.
5
What is the value of -2 + 4 + -7 + 198 + -185?
8
Calculate 9 - (2 - ((0 - -1) + -3)).
5
Evaluate 9 - 17 - -5 - (2 - -1).
-6
Evaluate 10 + (-19 - (-16 + 8)).
-1
Evaluate 1 + 1 - (7 - (-10 + 13)).
-2
Calculate 0 - (-5 + 1) - 2.
2
Evaluate 10 + -21 + 12 - (-1 + 2).
0
What is the value of -2 - -5 - (11 + (-7 - -4))?
-5
-7 - (-9 - (-10 + 8))
0
1 + 6 + -7 - 5
-5
Evaluate (3 - (-4 + 5) - 5) + 5.
2
What is 0 + (-6 - -3) + 0 + 4?
1
(3 - -7) + 0 + -6
4
What is the value of (4 - -2) + 3 + -5?
4
Evaluate (2 - 6 - (4 - 8)) + -4.
-4
(-3 + 1 - -1) + (3 - 7)
-5
Evaluate (5 + -4 - 4 - 6) + 4.
-5
Calculate -2 + 6 - (-2 - -2).
4
Calculate -3 - (14 - 6 - 16).
5
-1 + (1 - -2) - (-204 - -209)
-3
Calculate -1 + -1 - -2 - (-2 - -2).
0
-3 + (5 + -5 + 1 - 1)
-3
What is 0 - (-1 + -1 + 2) - -3?
3
-4 + 10 + 1 - 8
-1
Calculate 16 - 19 - (-1 - -4 - 11).
5
1 + (4 - 0 - 2) + -12
-9
-32 - -36 - (-1 - -15)
-10
What is 0 - 4 - 